1. What is the tens digit of g(f)?
1
Let u(z) = -74*z - 1. What is the tens digit of u(-1)?
7
Let f(p) = -44*p - 89. What is the tens digit of f(-6)?
7
What is the units digit of 632/20 - 12/(-30)?
2
Let h = -17 - -20. What is the units digit of h?
3
Suppose r - 55 = 3*h, -r - 2*r + 57 = -3*h. Let d = -9 - h. What is the units digit of d?
9
Let a = 66 + -29. What is the tens digit of a?
3
Suppose -4*i + 14 = -2*y, i = 3*i + 3*y - 3. Let l be -6*((-11)/i + 3). Suppose -9*t = -2*v - l*t + 57, -v - 5*t - 9 = 0. What is the units digit of v?
6
What is the tens digit of 74 - (2 + 0 - 2)?
7
Suppose 5*r - 65 = 3*t, 4*r - 5*t - 17 = 48. What is the tens digit of r?
1
Let z be 0/((-3 - -1) + 0). Suppose z = -i - 2*i - 2*q - 2, -4*q - 16 = 0. Suppose 0*f + i*f - 22 = 0. What is the units digit of f?
1
Suppose -7*n = -261 - 565. What is the hundreds digit of n?
1
Suppose 7 + 137 = 8*h. What is the units digit of h?
8
Suppose 2*s + 0 = -2. Let l = 3 - s. Suppose v + 4*f - 11 = 0, -v + l*f = -6*v + 23. What is the units digit of v?
3
What is the tens digit of (4 + -5)*3/(3/(-118))?
1
Suppose 0 = -6*x + 450 + 522. What is the tens digit of x?
6
Let w be (-6)/9 - 2/(-3). Suppose w = 2*l - 2. What is the units digit of l?
1
Let f(j) = -18*j + 6. Let c be f(-5). Suppose -4*m = -8*m + c. What is the tens digit of m?
2
Suppose 3*d = -5*f + 78, -75 = -5*d + d + 3*f. Let j = d + -15. What is the units digit of j?
6
Let i = -62 - -101. What is the units digit of i?
9
Let v(g) = -g**2 - 5*g - 3. Let f be v(-3). Let j = 6 - f. Suppose 0*m = -j*m - 3*w + 12, -w + 2 = 0. What is the units digit of m?
2
Let i = 3 + 3. What is the tens digit of (-23)/(-2) + i/12?
1
Let d = 12 + -6. Suppose m = 4*m + d. What is the units digit of 0/m + 5 + -1?
4
Let w = -6 - -1. Let u(h) = 3*h**2 + 14*h - 6. Let d(y) = -4*y**2 - 21*y + 9. Let v(m) = w*d(m) - 7*u(m). What is the units digit of v(6)?
3
Let x(q) = q + 33. Let f be x(0). Let b = f + -21. What is the units digit of b?
2
Suppose -2*u + 60 = u - 4*j, 0 = j - 3. What is the units digit of u?
4
What is the hundreds digit of -4*1/(-30) + (-3596)/(-30)?
1
Let w(a) = a**2 - 4*a - 4. Let r be w(7). Let q = -11 + r. What is the units digit of q?
6
Let g = -13 + 133. What is the units digit of g?
0
What is the units digit of (-32)/12*-3*(-3 - -4)?
8
Let t = 233 - 151. Let b = -48 + t. What is the units digit of b?
4
Let s(f) = 4*f + 10. Let i be s(13). Suppose 4*m - i = -2. What is the tens digit of m?
1
Let f(j) = j**3 + 4*j**2 + 2*j. Let z be f(-3). What is the tens digit of 25 - (z + 1)/(-2)?
2
Suppose k = 4*k - 480. What is the units digit of k?
0
Let y(b) be the second derivative of b**4/12 + 2*b**3/3 - b**2 + 4*b. What is the units digit of y(-5)?
3
Suppose -127 - 1248 = -5*q. What is the units digit of q?
5
Let a be (-159)/(-6) - 9/6. Suppose 2*g - 82 = -3*d, g + 2*g - a = -d. What is the tens digit of d?
2
Let v(d) be the third derivative of -d**5/24 - d**4/8 + d**3/6 - 2*d**2. Let i(h) be the first derivative of v(h). What is the units digit of i(-2)?
7
Suppose -3*a = -8*a + 10. What is the units digit of (-24 - -3)*a/(-3)?
4
Suppose -2*u - 47 = 5*q - 13, 4*u + 86 = -q. Let c = -8 - u. Suppose -4*h = 3*k - 34, 0 = -0*k + k + 4*h - c. What is the tens digit of k?
1
Let n = 14 + -10. Let a(j) = j**2 - 7*j. Let l be a(6). Let x = n - l. What is the units digit of x?
0
Let t = 5 - 4. What is the units digit of 1*(-2 - t)*-1?
3
Suppose 4*b - m + 39 = 0, 0*b + 27 = -2*b + 3*m. Suppose 0*p + 45 = 3*p. Let t = p + b. What is the units digit of t?
6
Suppose -14*r + 5*r = -1512. What is the hundreds digit of r?
1
Suppose 0 = -3*p - 4*f + 30, 0 = 4*p + 2*f + f - 40. What is the units digit of p?
0
Let m = -16 + 29. Suppose -2*z + m = -3*f, 5*z + 5*f = 15 + 80. What is the units digit of z?
4
Suppose 2*y + 5*g - 1 = 3, -4*g = 0. Suppose -5*m + 72 = y. Suppose -4*r + 4 = 2*q - m, q - 9 = 4*r. What is the units digit of q?
9
Let p(b) = 2*b + 5. Let y be p(-7). Let h = y + 18. What is the units digit of h?
9
Let x = 2 - -9. What is the units digit of x + 3/(-3)*3?
8
Let r = -3 - -18. What is the tens digit of r?
1
Suppose 2 = -i + 2*o, 4*i + 5*o - 11 - 7 = 0. Let u be (5 + -3)/(i/19). Let t = u - 13. What is the units digit of t?
6
Suppose -m - 3*l = -0*m - 72, 176 = 3*m + l. What is the tens digit of m?
5
Let d(a) = 4*a**3 + 2*a**2 - 3*a + 4. Let o(h) = -h**3 - 14*h**2 + 16*h + 17. Let b be o(-15). What is the units digit of d(b)?
8
Suppose 21 = 2*s + i - 20, -2*s + 2*i + 32 = 0. What is the units digit of s?
9
Let t be (-6)/(-2)*52/(-6). Let n = -8 - t. What is the tens digit of n?
1
What is the units digit of ((-32)/(-6)*2)/(11/33)?
2
Suppose -u + 393 = 2*u. What is the tens digit of u?
3
Let o be 552/10 + 4/(-20). Suppose g - 15 = -3*y + 10, 5*y - o = -3*g. Suppose 0 = -c - f + 2, -5*c + f = 4*f - g. What is the units digit of c?
2
Let x(p) = p**3 - 15*p**2 + p + 5. What is the tens digit of x(15)?
2
Let i(t) = 5 - 4*t + t + 2*t + 0. What is the units digit of i(-9)?
4
Suppose 0 = -2*m + 6*m + 32. What is the units digit of (m/(-6))/((-4)/(-90))?
0
Let r = 51 - 12. Suppose 0 = 5*c - r + 14. What is the units digit of c?
5
Suppose -3*a = -a + n - 237, -4*a - 4*n = -468. What is the hundreds digit of a?
1
Let y = 134 + -16. What is the units digit of y?
8
Suppose -88 = 14*c - 15*c. What is the units digit of c?
8
Let r = -12 + 79. What is the tens digit of r?
6
Let f be (5 + 0 + -1)/2. Suppose f*w - 6 + 2 = 0. Let x = w - -2. What is the units digit of x?
4
Suppose 2*o = 3*o - 4*r + 76, -2*o = 2*r + 162. What is the units digit of 3/(o/(-68) + -1)?
7
Suppose -2*y - a = -3*a - 10, y - 2*a - 5 = 0. Suppose 2*k + 19 = y*t + 2, 2*t - 22 = -3*k. What is the units digit of t?
5
Suppose -z - 18 = -4*n - 0*z, -5*z - 10 = 0. Suppose 9 = 5*d - n*d. What is the units digit of d?
9
What is the units digit of (-5 + 0)/(-4 + 3)?
5
Let b = -11 + 15. Suppose 2*c - 25 = -5*g, 5*c - 17 = -5*g + 8. Suppose c = -b*x + 25 - 5. What is the units digit of x?
5
Let s(f) = 3*f - 2. Let q be s(8). Suppose 0 = -0*d + 5*d - 25. Suppose 2*a - 4*z - q = -2, -d*z = 5*a - 20. What is the units digit of a?
6
Let a = 143 + -102. What is the tens digit of a?
4
Let f = 27 - 9. What is the tens digit of (63/f)/(2/12)?
2
Suppose 0*z = -3*z. Let h be (-2)/(2*2/26). What is the units digit of z - (2 + -1) - h?
2
Suppose 4*i + 2*y - 394 = 0, -5*i + 197 + 290 = -3*y. What is the units digit of i?
8
Let d be 1 + 2*-2 - 2. Let u = -3 - d. Suppose 3*i = -u*z + 14, -2*z + 3 + 15 = 5*i. What is the units digit of z?
4
Let s = -14 + 4. Let a = s - -42. What is the units digit of a?
2
Let x = -368 - -676. What is the tens digit of x?
0
Let f be (-3)/(-3) - (-3)/(-1). Let u be f/(-3) - 2/(-6). What is the units digit of (u/(-2))/(1/(-18))?
9
Suppose -s + 5*q = s - 95, -5*q + 235 = 4*s. What is the tens digit of s?
5
Let h(n) = n**3 - 10*n**2 + 11*n + 10. Let b(q) = -q**3 + 6*q. Let u be b(-3). What is the units digit of h(u)?
8
Suppose 0*b + 4*b = -2*t + 382, -5*b + 197 = t. What is the units digit of t?
7
Let a = -17 - -56. Suppose 24 = -3*n - 2*d - 54, -n - a = 5*d. Let l = -17 - n. What is the units digit of l?
7
Let k(n) = -1. Let i(u) = 6*u - 12. Let j(a) = -11*a + 23. Let l(z) = -5*i(z) - 3*j(z). Let v(r) = -4*k(r) + l(r). What is the units digit of v(6)?
3
Suppose 0*c = 2*c - 24. Suppose -16 - 5 = -3*q + 3*f, 4*q - c = -4*f. Let g(r) = r**3 - 4*r**2 - 2*r - 1. What is the units digit of g(q)?
4
Suppose 0 = y - 107 - 134. What is the tens digit of y?
4
Let m(a) be the third derivative of a**6/120 + a**5/10 - 3*a**4/8 - 4*a**3/3 - 4*a**2. What is the units digit of m(-7)?
6
What is the units digit of 1 + 1 + (-4)/(-1)?
6
Let m(s) be the first derivative of -s**4/4 - 3*s**3 - s**2 + 2*s + 1. What is the tens digit of m(-9)?
2
Let s(p) = 5*p**2 + 7*p - 5*p**2 - 2 + 3*p**2 - 2*p**2. What is the units digit of s(-8)?
6
Let t(x) = x**2 + 12*x - 3. Let o be t(-13). Let a = o + 28. What is the units digit of a?
8
Let s(m) = 4*m + 57. What is the units digit of s(-13)?
5
Suppose -81 - 38 = -4*i + 5*t, -i = 3*t - 17. What is the units digit of i?
6
Suppose 0 = -0*t + 4*t - 20. Suppose t*v - 42 = 3*v. What is the units digit of v?
1
Suppose -1015 = -4*u + 5*d, 2*d = 5*u - 4*u - 256. What i